 
 {"id":977,"date":"2021-09-24T10:28:26","date_gmt":"2021-09-24T08:28:26","guid":{"rendered":"https:\/\/almach.pl\/sklep\/?post_type=product&#038;p=977\/"},"modified":"2021-10-13T08:48:27","modified_gmt":"2021-10-13T06:48:27","slug":"ponczochy-medyczne-uciskowe-premium-2-klasa-kompresji","status":"publish","type":"product","link":"https:\/\/almach.pl\/sklep\/?product=ponczochy-medyczne-uciskowe-premium-2-klasa-kompresji\/","title":{"rendered":"Po\u0144czochy medyczne uciskowe PREMIUM, 2 klasa kompresji"},"content":{"rendered":"<p>Przewidziane zastosowanie:<\/p>\n<p>Po\u0144czosznicze wyroby uciskowe s\u0105 wyrobami medycznymi stosowanymi w terapii kompresyjnej. Produkty s\u0105 przeznaczone do d\u0142ugotrwa\u0142ego leczenia oraz do uciskania i zw\u0119\u017cania \u015brednicy \u017cy\u0142. Wyr\u00f3b jest przeznaczony do stosowania na ko\u0144czyny dolne. Wyr\u00f3b wielorazowego u\u017cytku.<\/p>\n<p>Wskazania:<\/p>\n<ul>\n<li>zaburzenia funkcyjne takie jak uczucie ci\u0119\u017cko\u015bci i zm\u0119czenia n\u00f3g, przy obecnej chorobie \u017cylakowej (C0)*<\/li>\n<li>delikatne \u017cylaki o niewielkiej widoczno\u015bci (ma\u0142e rozszerzone \u017cylaki \u017cy\u0142 powierzchniowych, paj\u0105czki \u017cylne) (C1\u2013C2)*<\/li>\n<li>\u017cylakowato\u015b\u0107 w ci\u0105\u017cy bez obrz\u0119ku (C2)*<\/li>\n<li>\u017cylakowato\u015b\u0107 w ci\u0105\u017cy z obrz\u0119kiem (C3)*<\/li>\n<li>obrz\u0119ki wieczorne, w zale\u017cno\u015bci od lokalnych warunk\u00f3w (\u017cylnych) (C3)*<\/li>\n<li>pierwotna choroba \u017cylakowa z obrz\u0119kiem (C3)*<\/li>\n<li>zaawansowana pierwotna choroba \u017cylakowa z obrz\u0119kiem (\u017cylaki pni i \u017cylaki ga\u0142\u0119zi bocznej) (C3)*<\/li>\n<li>przewlek\u0142a niewydolno\u015b\u0107 \u017cylna (PN\u017b)*<\/li>\n<\/ul>\n<p>\u2013 stopnia I** (C3)* siatka \u017cy\u0142ek powierzchniowych w okolicy kostek<\/p>\n<p>\u2013 stopnia II** (C4)* z przewlek\u0142ym obrz\u0119kiem***, wypryskowa***, rumieniowa***, podsk\u00f3rna***, z twardzin\u0105 sk\u00f3rn\u0105, hemosyderoz\u0105 sk\u00f3rn\u0105, z bia\u0142ym zanikiem sk\u00f3rnym \u2013 stopnia IIIa** (C5)* wyleczone owrzodzenie podudzia (profilaktyka nawrotowa)<\/p>\n<ul>\n<li>profilaktyka zakrzepicy\/zator\u00f3w<\/li>\n<li>zakrzepowe zapalenie \u017cy\u0142 lub \u017cylakowe zapalenie \u017cy\u0142 (zakrzepica powierzchniowa),<br \/>\nz obrz\u0119kiem<\/li>\n<li>zakrzepowe zapalenie \u017cy\u0142 (zakrzepica g\u0142\u0119boko\u017cylna)<\/li>\n<li>pozakrzepowy obrz\u0119k z wt\u00f3rn\u0105 terapi\u0105 lub bez niej<\/li>\n<li>aby wesprze\u0107 szans\u0119 na skuteczno\u015b\u0107 terapii:<\/li>\n<\/ul>\n<ol>\n<li>a) po leczeniu obliteracyjnym \u017cylak\u00f3w<\/li>\n<li>b) po ambulatoryjnym zabiegu chirurgicznym \u017cylak\u00f3w<\/li>\n<li>c) po usuwaniu \u017cylak\u00f3w<\/li>\n<\/ol>\n<ul>\n<li>przed leczeniem obliteracyjnym \u017cylak\u00f3w lub przed operacj\u0105, aby zapobiec obrz\u0119kom<\/li>\n<li>profilaktyka owrzodze\u0144 i terapia owrzodze\u0144<\/li>\n<li>obrz\u0119k pooperacyjny<\/li>\n<li>obrz\u0119k po zako\u0144czeniu podstawowej terapii<\/li>\n<li>odwracalny obrz\u0119k limfatyczny po kompleksowej fizycznej terapii obkurczaj\u0105cej<\/li>\n<li>nieodwracalny obrz\u0119k limfatyczny ze stwardnieniem po kompleksowej fizycznej terapii obkurczaj\u0105cej<\/li>\n<li>lipodema stopnia II i wy\u017csza<\/li>\n<li>nawracaj\u0105cy obrz\u0119k idiopatyczny<\/li>\n<li>zator wywo\u0142any brakiem ruchu (artretyczny syndrom zatorowy, niedow\u0142ad i cz\u0119\u015bciowy niedow\u0142ad ko\u0144czyn)<\/li>\n<li>angiodysplazja<\/li>\n<\/ul>\n<p><em>* wg klasyfikacji CEAP<\/em><\/p>\n<p><em>**Widmer &amp; Marshall<\/em><\/p>\n<p><em>*** po zako\u0144czeniu podstawowej terapii<\/em><\/p>\n<div class=\"sp-table js-sp-group\">\n<h2 class=\"sp-table__title js-sp-group__title\">Tabela rozmiar\u00f3w<\/h2>\n<div class=\"js-sp-group__content\">\n<div class=\"table-wrap table-wrap--left\">\n<div class=\"table-wrap__img\"><img loading=\"lazy\" class=\"lazyloaded\" src=\"https:\/\/www.sklep-sigvaris.com\/wp-content\/uploads\/2021\/01\/SZKIC3-1.png.webp\" alt=\"\" width=\"200\" height=\"368\" data-lazy-src-webp=\"https:\/\/www.sklep-sigvaris.com\/wp-content\/uploads\/2021\/01\/SZKIC3-1.png.webp\" data-ll-status=\"loaded\" \/><\/div>\n<div class=\"table-wrap__table\">\n<table class=\"table table--big\">\n<thead>\n<tr>\n<td>Miejsce pomiaru<\/td>\n<td>Pomiar (cm)<\/td>\n<td>I<\/td>\n<td>II<\/td>\n<td>III<\/td>\n<td>IV<\/td>\n<td>V<\/td>\n<td>VI<\/td>\n<\/tr>\n<\/thead>\n<tbody>\n<tr>\n<td>cG<\/td>\n<td>Obw\u00f3d uda (oko\u0142o 5cm poni\u017cej kroku)<\/td>\n<td>43-48<\/td>\n<td>45-52<\/td>\n<td>49-56<\/td>\n<td>53-60<\/td>\n<td>56-64<\/td>\n<td>60-68<\/td>\n<\/tr>\n<tr>\n<td>cF<\/td>\n<td>Obw\u00f3d w po\u0142owie uda (po\u0142owa odleg\u0142o\u015bci pomi\u0119dzy rzepk\u0105 i krokiem)<\/td>\n<td>39-42<\/td>\n<td>41-46<\/td>\n<td>44-50<\/td>\n<td>47-55<\/td>\n<td>50-59<\/td>\n<td>53-63<\/td>\n<\/tr>\n<tr>\n<td>cE<\/td>\n<td>Obw\u00f3d powy\u017cej \u015brodka rzepki; kolano delikatnie rozlu\u017anione<\/td>\n<td>30-37<\/td>\n<td>33-40<\/td>\n<td>35-43<\/td>\n<td>37-45<\/td>\n<td>39-48<\/td>\n<td>41-51<\/td>\n<\/tr>\n<tr>\n<td>cD<\/td>\n<td>Obw\u00f3d pod kolanem (w odleg\u0142o\u015bci 2 palc\u00f3w poni\u017cej kolana)<\/td>\n<td>27-33<\/td>\n<td>29-36<\/td>\n<td>32-39<\/td>\n<td>34-32<\/td>\n<td>36-45<\/td>\n<td>38-48<\/td>\n<\/tr>\n<tr>\n<td>cC<\/td>\n<td>Obw\u00f3d w najszerszym miejscu \u0142ydki<\/td>\n<td>28-34<\/td>\n<td>30-37<\/td>\n<td>33-40<\/td>\n<td>35-43<\/td>\n<td>37-46<\/td>\n<td>39-49<\/td>\n<\/tr>\n<tr>\n<td>cB1<\/td>\n<td>Obw\u00f3d na pocz\u0105tku mi\u0119\u015bnia \u0142ydki \/ zako\u0144czenie \u015bci\u0119gna Achillesa<\/td>\n<td>23-27<\/td>\n<td>24-29<\/td>\n<td>26-32<\/td>\n<td>29-35<\/td>\n<td>31-37<\/td>\n<td>33-39<\/td>\n<\/tr>\n<tr>\n<td>cB<\/td>\n<td>Obw\u00f3d powy\u017cej kostki, w najw\u0119\u017cszym miejscu<\/td>\n<td>18-20<\/td>\n<td>20-22<\/td>\n<td>22-24<\/td>\n<td>24-26<\/td>\n<td>26-28<\/td>\n<td>28-30<\/td>\n<\/tr>\n<\/tbody>\n<\/table>\n<\/div>\n<\/div>\n<\/div>\n<\/div>\n<div class=\"sp-table js-sp-group\">\n<div class=\"js-sp-group__content\">\n<div class=\"table-wrap table-wrap--right\">\n<div class=\"table-wrap__table\">\n<p>&nbsp;<\/p>\n<table class=\"table table--small\">\n<thead>\n<tr>\n<td><\/td>\n<td>Pomiar<\/td>\n<td>Kr\u00f3tkie<\/td>\n<td>D\u0142ugie<\/td>\n<\/tr>\n<\/thead>\n<tbody>\n<tr>\n<td>Rajstopy, po\u0144czochy<\/td>\n<td>A-G<\/td>\n<td>62-71 cm<\/td>\n<td>72-83 cm<\/td>\n<\/tr>\n<tr>\n<td>Podkolan\u00f3wki<\/td>\n<td>A-D<\/td>\n<td>34-38 cm<\/td>\n<td>39-44 cm<\/td>\n<\/tr>\n<\/tbody>\n<\/table>\n<\/div>\n<\/div>\n<\/div>\n<\/div>\n<p><strong>SPOS\u00d3B U\u017bYCIA \/ STOSOWANIE<\/strong><\/p>\n<p>Przy zak\u0142adaniu i zdejmowaniu nale\u017cy zachowa\u0107 szczeg\u00f3ln\u0105 ostro\u017cno\u015b\u0107, aby nie uszkodzi\u0107 delikatnej struktury wyrobu np. paznokciem, zegarkiem lub bi\u017cuteri\u0105. Zaleca si\u0119 stosowanie gumowych r\u0119kawic. R\u00f3wnie\u017c nieodpowiednia piel\u0119gnacja st\u00f3p oraz uszkodzone wn\u0119trze obuwia mog\u0105 doprowadzi\u0107 do powstania przetar\u0107 i uszkodzenia wyrobu.<\/p>\n<p>Zak\u0142adanie<\/p>\n<p>Wyr\u00f3b nale\u017cy zak\u0142ada\u0107 tu\u017c po wstaniu, gdy obrz\u0119k n\u00f3g jest najmniejszy. Nie nale\u017cy ci\u0105gn\u0105\u0107 wyrobu do g\u00f3ry, lecz delikatnymi ruchami, najlepiej u\u017cywaj\u0105c gumowych r\u0119kawic, p\u0142asko u\u0142o\u017conymi d\u0142o\u0144mi r\u00f3wnomiernie rozci\u0105ga\u0107 materia\u0142 na nodze.<\/p>\n<p>Zdejmowanie<\/p>\n<p>Nale\u017cy chwyci\u0107 wyr\u00f3b za g\u00f3rn\u0105 kraw\u0119d\u017a i delikatnie \u015bci\u0105gn\u0105\u0107 w kierunku pi\u0119t.<\/p>\n<p>Prawid\u0142owe u\u0142o\u017cenie<\/p>\n<p>Podkolan\u00f3wka jest prawid\u0142owo za\u0142o\u017cona, gdy g\u00f3rna kraw\u0119d\u017a mankietu znajduje si\u0119 na wysoko\u015bci 2 palc\u00f3w poni\u017cej do\u0142u podkolanowego, w przypadku po\u0144czoch na wysoko\u015bci 5 palc\u00f3w poni\u017cej po\u015bladk\u00f3w\/krocza.<\/p>\n<p><strong>DOST\u0118PNE FORMY\/ROZMIARY\/KOLORY\/WZORY<\/strong><\/p>\n<p>I, II, III, IV, V, VI \/ jasny be\u017c, be\u017c, ciemny be\u017c, grafit, czarny \/ palce odkryte, palce zakryte \/ kr\u00f3tkie, d\u0142ugie<\/p>\n<p><strong>SK\u0141AD <\/strong><\/p>\n<p><strong>Poliamid 61%, Elastan 39%<\/strong><\/p>\n<p><strong>OPAKOWANIE<\/strong><\/p>\n<p>2 szt.<\/p>\n<h2>PRODUCENT<\/h2>\n<p>SIGVARIS S.A.<\/p>\n","protected":false},"excerpt":{"rendered":"<ul style=\"font-size: 1rem;\">\n<li class=\"transport\"><i class=\"fas fa-dolly\"><\/i> <span style=\"color: #0c7804;\"><strong class=\"transport\"> Darmowa dostawa w Bydgoszczy <\/strong><br \/>\n(przy zam\u00f3wieniu powy\u017cej 100 z\u0142, mo\u017cliwo\u015b\u0107 p\u0142atno\u015bci kart\u0105 przy odbiorze)<\/span><\/li>\n<li class=\"transport\"><i class=\"far fa-eye\"><\/i> Mo\u017cliwo\u015b\u0107 obejrzenia produktu w sklepie stacjonarnym<\/li>\n<li class=\"transport\"><i class=\"fas fa-undo\"><\/i> Mo\u017cliwo\u015b\u0107 zwrotu produktu do <strong>30 dni<\/strong><\/li>\n<li class=\"transport\"><i class=\"far fa-credit-card\"><\/i> <strong> P\u0142atno\u015b\u0107 kart\u0105<\/strong><\/li>\n<\/ul>\n<div class=\"more-link-wrapper\"><a class=\"more-link\" href=\"https:\/\/almach.pl\/sklep\/?product=ponczochy-medyczne-uciskowe-premium-2-klasa-kompresji\/\">Read More<span class=\"screen-reader-text\">Po\u0144czochy medyczne uciskowe PREMIUM, 2 klasa kompresji<\/span><\/a><\/div>\n","protected":false},"featured_media":973,"comment_status":"closed","ping_status":"closed","template":"","meta":[],"product_cat":[44,125],"product_tag":[],"_links":{"self":[{"href":"https:\/\/almach.pl\/sklep\/index.php?rest_route=\/wp\/v2\/product\/977"}],"collection":[{"href":"https:\/\/almach.pl\/sklep\/index.php?rest_route=\/wp\/v2\/product"}],"about":[{"href":"https:\/\/almach.pl\/sklep\/index.php?rest_route=\/wp\/v2\/types\/product"}],"replies":[{"embeddable":true,"href":"https:\/\/almach.pl\/sklep\/index.php?rest_route=%2Fwp%2Fv2%2Fcomments&post=977"}],"wp:featuredmedia":[{"embeddable":true,"href":"https:\/\/almach.pl\/sklep\/index.php?rest_route=\/wp\/v2\/media\/973"}],"wp:attachment":[{"href":"https:\/\/almach.pl\/sklep\/index.php?rest_route=%2Fwp%2Fv2%2Fmedia&parent=977"}],"wp:term":[{"taxonomy":"product_cat","embeddable":true,"href":"https:\/\/almach.pl\/sklep\/index.php?rest_route=%2Fwp%2Fv2%2Fproduct_cat&post=977"},{"taxonomy":"product_tag","embeddable":true,"href":"https:\/\/almach.pl\/sklep\/index.php?rest_route=%2Fwp%2Fv2%2Fproduct_tag&post=977"}],"curies":[{"name":"wp","href":"https:\/\/api.w.org\/{rel}","templated":true}]}}