 
 {"id":733,"date":"2021-06-30T00:09:33","date_gmt":"2021-06-29T22:09:33","guid":{"rendered":"https:\/\/almach.pl\/sklep\/?post_type=product&#038;p=733"},"modified":"2021-10-13T08:54:26","modified_gmt":"2021-10-13T06:54:26","slug":"wozek-inwalidzki-reczny_v100","status":"publish","type":"product","link":"https:\/\/almach.pl\/sklep\/?product=wozek-inwalidzki-reczny_v100\/","title":{"rendered":"W\u00f3zek inwalidzki r\u0119czny V100"},"content":{"rendered":"<p dir=\"ltr\">W\u00f3zek stalowy, konfigurowalny. Konstrukcja umo\u017cliwia zmian\u0119 paru istotnych parametr\u00f3w jak: g\u0142\u0119boko\u015b\u0107 siedziska, wysoko\u015b\u0107 siedziska od pod\u0142o\u017ca, wysoko\u015b\u0107 i g\u0142\u0119boko\u015b\u0107 podparcia pod \u0142okie\u0107. W\u00f3zek gwarantuje obci\u0105\u017cenia 130 kg. W\u00f3zek spe\u0142nia wysokie wymagania jako\u015bciowe potwierdzone certyfikatami, niemieckim TUV oraz francuskim CERAH jak r\u00f3wnie\u017c przeszed\u0142 pomy\u015blnie CRASH test i spe\u0142nia norm\u0119 ISO 7176-19.<\/p>\n<p dir=\"ltr\">V100 jest konstrukcj\u0105, kt\u00f3ra umo\u017cliwia zmian\u0119 podstawowych parametr\u00f3w:<\/p>\n<p dir=\"ltr\">\u00a0\u00a0\u00a0 3 wysoko\u015bci siedziska od pod\u0142o\u017ca,<\/p>\n<p dir=\"ltr\">\u00a0\u00a0\u00a0 2 g\u0142\u0119boko\u015bci siedziska,<\/p>\n<p dir=\"ltr\">\u00a0\u00a0\u00a0 3 wysoko\u015bci podparcia pod \u0142okie\u0107,<\/p>\n<p dir=\"ltr\">\u00a0\u00a0\u00a0 3 g\u0142\u0119boko\u015bci podparcia pod \u0142okie\u0107.<\/p>\n","protected":false},"excerpt":{"rendered":"<p><img class=\"alignleft\" style=\"margin: 0 0.5rem 0.2rem 0.5rem;\" src=\"https:\/\/almach.pl\/sklep\/wp-content\/uploads\/2021\/06\/nfz-logo.jpg\" alt=\"NFZ\" width=\"70px\" \/> Produkt dost\u0119pny w ramach refundacji<\/p>\n<ul style=\"font-size:1rem;\">\n<li class=\"transport\"><i class=\"fas fa-dolly\"><\/i> <span style=\"color: #0c7804;\"><strong class=\"transport\"> Darmowa dostawa w Bydgoszczy <\/strong><br \/>(przy zam\u00f3wieniu powy\u017cej 100 z\u0142, mo\u017cliwo\u015b\u0107 p\u0142atno\u015bci kart\u0105 przy odbiorze)<\/span><\/li>\n<li class=\"transport\"><i class=\"far fa-eye\"><\/i> Mo\u017cliwo\u015b\u0107 obejrzenia sprz\u0119tu w sklepie stacjonarnym<\/li>\n<li class=\"transport\"><i class=\"fas fa-undo\"><\/i> Mo\u017cliwo\u015b\u0107 zwrotu sprz\u0119tu do <strong>30 dni<\/strong><\/li>\n<li class=\"transport\"><i class=\"far fa-credit-card\"><\/i> <strong> P\u0142atno\u015b\u0107 kart\u0105<\/strong><\/li>\n<\/ul>\n<div class=\"more-link-wrapper\"><a class=\"more-link\" href=\"https:\/\/almach.pl\/sklep\/?product=wozek-inwalidzki-reczny_v100\/\">Read More<span class=\"screen-reader-text\">W\u00f3zek inwalidzki r\u0119czny V100<\/span><\/a><\/div>\n","protected":false},"featured_media":487,"comment_status":"closed","ping_status":"closed","template":"","meta":[],"product_cat":[86,87,36],"product_tag":[],"_links":{"self":[{"href":"https:\/\/almach.pl\/sklep\/index.php?rest_route=\/wp\/v2\/product\/733"}],"collection":[{"href":"https:\/\/almach.pl\/sklep\/index.php?rest_route=\/wp\/v2\/product"}],"about":[{"href":"https:\/\/almach.pl\/sklep\/index.php?rest_route=\/wp\/v2\/types\/product"}],"replies":[{"embeddable":true,"href":"https:\/\/almach.pl\/sklep\/index.php?rest_route=%2Fwp%2Fv2%2Fcomments&post=733"}],"wp:featuredmedia":[{"embeddable":true,"href":"https:\/\/almach.pl\/sklep\/index.php?rest_route=\/wp\/v2\/media\/487"}],"wp:attachment":[{"href":"https:\/\/almach.pl\/sklep\/index.php?rest_route=%2Fwp%2Fv2%2Fmedia&parent=733"}],"wp:term":[{"taxonomy":"product_cat","embeddable":true,"href":"https:\/\/almach.pl\/sklep\/index.php?rest_route=%2Fwp%2Fv2%2Fproduct_cat&post=733"},{"taxonomy":"product_tag","embeddable":true,"href":"https:\/\/almach.pl\/sklep\/index.php?rest_route=%2Fwp%2Fv2%2Fproduct_tag&post=733"}],"curies":[{"name":"wp","href":"https:\/\/api.w.org\/{rel}","templated":true}]}}

Wózek inwalidzki ręczny V100

<p dir="ltr">Wózek stalowy, konfigurowalny. Konstrukcja umożliwia zmianę paru istotnych parametrów jak: głębokość siedziska, wysokość siedziska od podłoża, wysokość i głębokość podparcia pod łokieć. Wózek gwarantuje obciążenia 130 kg. Wózek spełnia wysokie wymagania jakościowe potwierdzone certyfikatami, niemieckim TUV oraz francuskim CERAH jak również przeszedł pomyślnie CRASH test i spełnia normę ISO 7176-19.</p>
<p dir="ltr">V100 jest konstrukcją, która umożliwia zmianę podstawowych parametrów:</p>
<p dir="ltr">    3 wysokości siedziska od podłoża,</p>
<p dir="ltr">    2 głębokości siedziska,</p>
<p dir="ltr">    3 wysokości podparcia pod łokieć,</p>
<p dir="ltr">    3 głębokości podparcia pod łokieć.</p>

<p><img class="alignleft" style="margin: 0 0.5rem 0.2rem 0.5rem;" src="https://almach.pl/sklep/wp-content/uploads/2021/06/nfz-logo.jpg" alt="NFZ" width="70px" /> Produkt dostępny w ramach refundacji</p>
<ul style="font-size:1rem;">
<li class="transport"><i class="fas fa-dolly"></i> <span style="color: #0c7804;"><strong class="transport"> Darmowa dostawa w Bydgoszczy </strong><br />(przy zamówieniu powyżej 100 zł, możliwość płatności kartą przy odbiorze)</span></li>
<li class="transport"><i class="far fa-eye"></i> Możliwość obejrzenia sprzętu w sklepie stacjonarnym</li>
<li class="transport"><i class="fas fa-undo"></i> Możliwość zwrotu sprzętu do <strong>30 dni</strong></li>
<li class="transport"><i class="far fa-credit-card"></i> <strong> Płatność kartą</strong></li>
</ul>
<div class="more-link-wrapper"><a class="more-link" href="https://almach.pl/sklep/?product=wozek-inwalidzki-reczny_v100/">Read More<span class="screen-reader-text">Wózek inwalidzki ręczny V100</span></a></div>
