 
 {"id":691,"date":"2021-06-28T13:36:50","date_gmt":"2021-06-28T11:36:50","guid":{"rendered":"https:\/\/almach.pl\/sklep\/?post_type=product&#038;p=691"},"modified":"2021-10-13T08:57:52","modified_gmt":"2021-10-13T06:57:52","slug":"balkonik-podporka-rehabilitacyjna-275","status":"publish","type":"product","link":"https:\/\/almach.pl\/sklep\/?product=balkonik-podporka-rehabilitacyjna-275\/","title":{"rendered":"Balkonik &#8211; podp\u00f3rka rehabilitacyjna 275"},"content":{"rendered":"<h5><span id=\"view:_id1:label1\">Balkonik stalowy 275<\/span><\/h5>\n<div id=\"view:_id1:repeat5\">\n<div id=\"view:_id1:repeat5:0:inputRichText2\">\n<ul dir=\"ltr\">\n<li>Tacka wysuwana z pod siedzenia , wyci\u0105gana , mo\u017cna j\u0105 po\u0142o\u017cy\u0107 na koszyku.<\/li>\n<li>Dodatkowy uchwyt, kt\u00f3ry r\u00f3wnie\u017c jest oparciem dla osoby siedz\u0105cej.<\/li>\n<li>Tapicerowane mi\u0119kkie siedzisko polepsza komfort siedzenia.<\/li>\n<li>Uchwyty ergonomiczne.<\/li>\n<li>Regulacja wysoko\u015bci r\u0105czek. Z systemem dociskowy nie dokr\u0119canym.<\/li>\n<\/ul>\n<\/div>\n<\/div>\n","protected":false},"excerpt":{"rendered":"<ul style=\"font-size: 1rem;\">\n<li class=\"transport\"><i class=\"fas fa-dolly\"><\/i> <span style=\"color: #0c7804;\"><strong class=\"transport\"> Darmowa dostawa w Bydgoszczy <\/strong><br \/>\n(przy zam\u00f3wieniu powy\u017cej 100 z\u0142, mo\u017cliwo\u015b\u0107 p\u0142atno\u015bci kart\u0105 przy odbiorze)<\/span><\/li>\n<li class=\"transport\"><i class=\"far fa-eye\"><\/i> Mo\u017cliwo\u015b\u0107 obejrzenia sprz\u0119tu w sklepie stacjonarnym<\/li>\n<li class=\"transport\"><i class=\"fas fa-undo\"><\/i> Mo\u017cliwo\u015b\u0107 zwrotu sprz\u0119tu do <strong>30 dni<\/strong><\/li>\n<li class=\"transport\"><i class=\"far fa-credit-card\"><\/i> <strong> P\u0142atno\u015b\u0107 kart\u0105<\/strong><\/li>\n<\/ul>\n<div class=\"more-link-wrapper\"><a class=\"more-link\" href=\"https:\/\/almach.pl\/sklep\/?product=balkonik-podporka-rehabilitacyjna-275\/\">Read More<span class=\"screen-reader-text\">Balkonik &#8211; podp\u00f3rka rehabilitacyjna 275<\/span><\/a><\/div>\n","protected":false},"featured_media":692,"comment_status":"closed","ping_status":"closed","template":"","meta":[],"product_cat":[91,86],"product_tag":[],"_links":{"self":[{"href":"https:\/\/almach.pl\/sklep\/index.php?rest_route=\/wp\/v2\/product\/691"}],"collection":[{"href":"https:\/\/almach.pl\/sklep\/index.php?rest_route=\/wp\/v2\/product"}],"about":[{"href":"https:\/\/almach.pl\/sklep\/index.php?rest_route=\/wp\/v2\/types\/product"}],"replies":[{"embeddable":true,"href":"https:\/\/almach.pl\/sklep\/index.php?rest_route=%2Fwp%2Fv2%2Fcomments&post=691"}],"wp:featuredmedia":[{"embeddable":true,"href":"https:\/\/almach.pl\/sklep\/index.php?rest_route=\/wp\/v2\/media\/692"}],"wp:attachment":[{"href":"https:\/\/almach.pl\/sklep\/index.php?rest_route=%2Fwp%2Fv2%2Fmedia&parent=691"}],"wp:term":[{"taxonomy":"product_cat","embeddable":true,"href":"https:\/\/almach.pl\/sklep\/index.php?rest_route=%2Fwp%2Fv2%2Fproduct_cat&post=691"},{"taxonomy":"product_tag","embeddable":true,"href":"https:\/\/almach.pl\/sklep\/index.php?rest_route=%2Fwp%2Fv2%2Fproduct_tag&post=691"}],"curies":[{"name":"wp","href":"https:\/\/api.w.org\/{rel}","templated":true}]}}

Balkonik &#8211; podpórka rehabilitacyjna 275

<h5><span id="view:_id1:label1">Balkonik stalowy 275</span></h5>
<div id="view:_id1:repeat5">
<div id="view:_id1:repeat5:0:inputRichText2">
<ul dir="ltr">
<li>Tacka wysuwana z pod siedzenia , wyciągana , można ją położyć na koszyku.</li>
<li>Dodatkowy uchwyt, który również jest oparciem dla osoby siedzącej.</li>
<li>Tapicerowane miękkie siedzisko polepsza komfort siedzenia.</li>
<li>Uchwyty ergonomiczne.</li>
<li>Regulacja wysokości rączek. Z systemem dociskowy nie dokręcanym.</li>
</ul>
</div>
</div>

<ul style="font-size: 1rem;">
<li class="transport"><i class="fas fa-dolly"></i> <span style="color: #0c7804;"><strong class="transport"> Darmowa dostawa w Bydgoszczy </strong><br />
(przy zamówieniu powyżej 100 zł, możliwość płatności kartą przy odbiorze)</span></li>
<li class="transport"><i class="far fa-eye"></i> Możliwość obejrzenia sprzętu w sklepie stacjonarnym</li>
<li class="transport"><i class="fas fa-undo"></i> Możliwość zwrotu sprzętu do <strong>30 dni</strong></li>
<li class="transport"><i class="far fa-credit-card"></i> <strong> Płatność kartą</strong></li>
</ul>
<div class="more-link-wrapper"><a class="more-link" href="https://almach.pl/sklep/?product=balkonik-podporka-rehabilitacyjna-275/">Read More<span class="screen-reader-text">Balkonik &#8211; podpórka rehabilitacyjna 275</span></a></div>
