 
 {"id":566,"date":"2021-06-16T14:25:14","date_gmt":"2021-06-16T12:25:14","guid":{"rendered":"https:\/\/almach.pl\/sklep\/?post_type=product&#038;p=566"},"modified":"2022-11-08T08:35:13","modified_gmt":"2022-11-08T07:35:13","slug":"pieluchy-anatomiczna-san-seni-alvi-30-szt","status":"publish","type":"product","link":"https:\/\/almach.pl\/sklep\/?product=pieluchy-anatomiczna-san-seni-alvi-30-szt\/","title":{"rendered":"Pieluchy anatomiczna San Seni Alvi 30 szt."},"content":{"rendered":"<p>San Seni Alvi to oddychaj\u0105ce pieluchy anatomiczne przeznaczone dla os\u00f3b z nietrzymaniem ka\u0142u i os\u00f3b cewnikowanych. Du\u017ca powierzchnia i podwy\u017cszone os\u0142onki boczne zabezpieczaj\u0105 przed zabrudzeniem. Pieluchy anatomiczne San Seni Alvi nie maj\u0105 w\u0142asnego systemu mocowania, dlatego powinny by\u0107 stosowane wraz z majtkami podtrzymuj\u0105cymi.<\/p>\n<p>Uwaga! Budowa wk\u0142adu ch\u0142onnego San Seni Alvi nie jest przystosowana do wch\u0142aniania moczu.<\/p>\n<p>Dopasowanie do cia\u0142a \u2013 dzi\u0119ki mocowaniu za pomoc\u0105 elastycznych majtek podtrzymuj\u0105cych San Seni mog\u0105 by\u0107 stosowane u os\u00f3b kt\u00f3re nie mog\u0105 znale\u017a\u0107 dla siebie rozwi\u0105zania w innego rodzaju produktach ch\u0142onnych.<br \/>\nSzeroki wk\u0142ad ch\u0142onny \u2013 du\u017ca powierzchnia wk\u0142adu ch\u0142onnego zabezpiecza przed zabrudzeniem.<\/p>\n<p>Produkty Seni rekomendowane s\u0105 przez Polskie Towarzystwo Gerontologiczne.<\/p>\n","protected":false},"excerpt":{"rendered":"<ul style=\"font-size:1rem;\">\n<li class=\"transport\"><i class=\"fas fa-dolly\"><\/i> <span style=\"color: #0c7804;\"><strong class=\"transport\"> Darmowa dostawa w Bydgoszczy <\/strong><br \/>(przy zam\u00f3wieniu powy\u017cej 100 z\u0142, mo\u017cliwo\u015b\u0107 p\u0142atno\u015bci kart\u0105 przy odbiorze)<\/span><\/li>\n<li class=\"transport\"><i class=\"far fa-eye\"><\/i> Mo\u017cliwo\u015b\u0107 obejrzenia sprz\u0119tu w sklepie stacjonarnym<\/li>\n<li class=\"transport\"><i class=\"fas fa-undo\"><\/i> Mo\u017cliwo\u015b\u0107 zwrotu sprz\u0119tu do <strong>30 dni<\/strong><\/li>\n<li class=\"transport\"><i class=\"far fa-credit-card\"><\/i> <strong> P\u0142atno\u015b\u0107 kart\u0105<\/strong><\/li>\n<\/ul>\n<div class=\"more-link-wrapper\"><a class=\"more-link\" href=\"https:\/\/almach.pl\/sklep\/?product=pieluchy-anatomiczna-san-seni-alvi-30-szt\/\">Read More<span class=\"screen-reader-text\">Pieluchy anatomiczna San Seni Alvi 30 szt.<\/span><\/a><\/div>\n","protected":false},"featured_media":567,"comment_status":"closed","ping_status":"closed","template":"","meta":[],"product_cat":[23],"product_tag":[],"_links":{"self":[{"href":"https:\/\/almach.pl\/sklep\/index.php?rest_route=\/wp\/v2\/product\/566"}],"collection":[{"href":"https:\/\/almach.pl\/sklep\/index.php?rest_route=\/wp\/v2\/product"}],"about":[{"href":"https:\/\/almach.pl\/sklep\/index.php?rest_route=\/wp\/v2\/types\/product"}],"replies":[{"embeddable":true,"href":"https:\/\/almach.pl\/sklep\/index.php?rest_route=%2Fwp%2Fv2%2Fcomments&post=566"}],"wp:featuredmedia":[{"embeddable":true,"href":"https:\/\/almach.pl\/sklep\/index.php?rest_route=\/wp\/v2\/media\/567"}],"wp:attachment":[{"href":"https:\/\/almach.pl\/sklep\/index.php?rest_route=%2Fwp%2Fv2%2Fmedia&parent=566"}],"wp:term":[{"taxonomy":"product_cat","embeddable":true,"href":"https:\/\/almach.pl\/sklep\/index.php?rest_route=%2Fwp%2Fv2%2Fproduct_cat&post=566"},{"taxonomy":"product_tag","embeddable":true,"href":"https:\/\/almach.pl\/sklep\/index.php?rest_route=%2Fwp%2Fv2%2Fproduct_tag&post=566"}],"curies":[{"name":"wp","href":"https:\/\/api.w.org\/{rel}","templated":true}]}}

<p>San Seni Alvi to oddychające pieluchy anatomiczne przeznaczone dla osób z nietrzymaniem kału i osób cewnikowanych. Duża powierzchnia i podwyższone osłonki boczne zabezpieczają przed zabrudzeniem. Pieluchy anatomiczne San Seni Alvi nie mają własnego systemu mocowania, dlatego powinny być stosowane wraz z majtkami podtrzymującymi.</p>
<p>Uwaga! Budowa wkładu chłonnego San Seni Alvi nie jest przystosowana do wchłaniania moczu.</p>
<p>Dopasowanie do ciała – dzięki mocowaniu za pomocą elastycznych majtek podtrzymujących San Seni mogą być stosowane u osób które nie mogą znaleźć dla siebie rozwiązania w innego rodzaju produktach chłonnych.<br />
Szeroki wkład chłonny – duża powierzchnia wkładu chłonnego zabezpiecza przed zabrudzeniem.</p>
<p>Produkty Seni rekomendowane są przez Polskie Towarzystwo Gerontologiczne.</p>

<ul style="font-size:1rem;">
<li class="transport"><i class="fas fa-dolly"></i> <span style="color: #0c7804;"><strong class="transport"> Darmowa dostawa w Bydgoszczy </strong><br />(przy zamówieniu powyżej 100 zł, możliwość płatności kartą przy odbiorze)</span></li>
<li class="transport"><i class="far fa-eye"></i> Możliwość obejrzenia sprzętu w sklepie stacjonarnym</li>
<li class="transport"><i class="fas fa-undo"></i> Możliwość zwrotu sprzętu do <strong>30 dni</strong></li>
<li class="transport"><i class="far fa-credit-card"></i> <strong> Płatność kartą</strong></li>
</ul>
<div class="more-link-wrapper"><a class="more-link" href="https://almach.pl/sklep/?product=pieluchy-anatomiczna-san-seni-alvi-30-szt/">Read More<span class="screen-reader-text">Pieluchy anatomiczna San Seni Alvi 30 szt.</span></a></div>
