 
 {"id":245,"date":"2021-06-01T23:22:58","date_gmt":"2021-06-01T21:22:58","guid":{"rendered":"https:\/\/almach.pl\/sklep-alpha-2021\/?post_type=product&#038;p=245"},"modified":"2021-10-13T09:10:48","modified_gmt":"2021-10-13T07:10:48","slug":"kompaktowa-poduszka-grzewcza-fh-80","status":"publish","type":"product","link":"https:\/\/almach.pl\/sklep\/?product=kompaktowa-poduszka-grzewcza-fh-80\/","title":{"rendered":"Kompaktowa poduszka grzewcza FH 80"},"content":{"rendered":"<p>Poduszka rozgrzewaj\u0105ca Microlife FH 80 zosta\u0142a zaprojektowana do stosowania na okre\u015blone cz\u0119\u015bci cia\u0142a, w kt\u00f3rych terapia ciep\u0142em jest najbardziej skuteczna. Podk\u0142ad zapewnia najwi\u0119ksz\u0105 powierzchni\u0119 ciep\u0142a, a jednocze\u015bnie pozostaje kompaktowy, co u\u0142atwia korzystanie i przechowywanie.<\/p>\n<p>&nbsp;<\/p>\n<p><strong>ZALETY URZ\u0104DZENIA<\/strong><\/p>\n<ul>\n<li>Szybkie nagrzewanie<\/li>\n<li>Pokrowiec nadaj\u0105cy si\u0119 do prania<\/li>\n<li>Niski poziom promieniowania EMF<\/li>\n<li>Moc 100W<\/li>\n<li>Wymiary 30,5 x 34,5 cm<\/li>\n<li>Automatyczne wy\u0142\u0105czanie po 90 minutach<\/li>\n<li>Gwarancja 2 lata \u201cdoor to door\u201d<\/li>\n<\/ul>\n<p>&nbsp;<\/p>\n<p><strong>SPECYFIKACJA TECHNICZNA<\/strong><\/p>\n<ul>\n<li>Model\/Typ: FH 80\/A100<\/li>\n<li>Napi\u0119cie zasilania: 220 &#8211; 240 V<\/li>\n<li>Moc: 100 W<\/li>\n<li>Cz\u0119stotliwo\u015b\u0107: 50 Hz<\/li>\n<\/ul>\n<p>&nbsp;<\/p>\n<p>&nbsp;<\/p>\n<p>&nbsp;<\/p>\n","protected":false},"excerpt":{"rendered":"<ul style=\"font-size:1rem;\">\n<li class=\"transport\"><i class=\"fas fa-dolly\"><\/i> <span style=\"color: #0c7804;\"><strong class=\"transport\"> Darmowa dostawa w Bydgoszczy <\/strong><br \/>(przy zam\u00f3wieniu powy\u017cej 100 z\u0142, mo\u017cliwo\u015b\u0107 p\u0142atno\u015bci kart\u0105 przy odbiorze)<\/span><\/li>\n<li class=\"transport\"><i class=\"far fa-eye\"><\/i> Mo\u017cliwo\u015b\u0107 obejrzenia sprz\u0119tu w sklepie stacjonarnym<\/li>\n<li class=\"transport\"><i class=\"fas fa-undo\"><\/i> Mo\u017cliwo\u015b\u0107 zwrotu sprz\u0119tu do <strong>30 dni<\/strong><\/li>\n<li class=\"transport\"><i class=\"far fa-credit-card\"><\/i> <strong> P\u0142atno\u015b\u0107 kart\u0105<\/strong><\/li>\n<\/ul>\n<div class=\"more-link-wrapper\"><a class=\"more-link\" href=\"https:\/\/almach.pl\/sklep\/?product=kompaktowa-poduszka-grzewcza-fh-80\/\">Read More<span class=\"screen-reader-text\">Kompaktowa poduszka grzewcza FH 80<\/span><\/a><\/div>\n","protected":false},"featured_media":279,"comment_status":"closed","ping_status":"closed","template":"","meta":[],"product_cat":[99,26],"product_tag":[],"_links":{"self":[{"href":"https:\/\/almach.pl\/sklep\/index.php?rest_route=\/wp\/v2\/product\/245"}],"collection":[{"href":"https:\/\/almach.pl\/sklep\/index.php?rest_route=\/wp\/v2\/product"}],"about":[{"href":"https:\/\/almach.pl\/sklep\/index.php?rest_route=\/wp\/v2\/types\/product"}],"replies":[{"embeddable":true,"href":"https:\/\/almach.pl\/sklep\/index.php?rest_route=%2Fwp%2Fv2%2Fcomments&post=245"}],"wp:featuredmedia":[{"embeddable":true,"href":"https:\/\/almach.pl\/sklep\/index.php?rest_route=\/wp\/v2\/media\/279"}],"wp:attachment":[{"href":"https:\/\/almach.pl\/sklep\/index.php?rest_route=%2Fwp%2Fv2%2Fmedia&parent=245"}],"wp:term":[{"taxonomy":"product_cat","embeddable":true,"href":"https:\/\/almach.pl\/sklep\/index.php?rest_route=%2Fwp%2Fv2%2Fproduct_cat&post=245"},{"taxonomy":"product_tag","embeddable":true,"href":"https:\/\/almach.pl\/sklep\/index.php?rest_route=%2Fwp%2Fv2%2Fproduct_tag&post=245"}],"curies":[{"name":"wp","href":"https:\/\/api.w.org\/{rel}","templated":true}]}}