 
 {"id":242,"date":"2021-06-01T23:15:27","date_gmt":"2021-06-01T21:15:27","guid":{"rendered":"https:\/\/almach.pl\/sklep-alpha-2021\/?post_type=product&#038;p=242"},"modified":"2021-10-13T09:14:04","modified_gmt":"2021-10-13T07:14:04","slug":"innowacyjny-inhalator-membranowy-wykorzystujacy-technologie-vmt-vibrating-mesh-technology-neb-800","status":"publish","type":"product","link":"https:\/\/almach.pl\/sklep\/?product=innowacyjny-inhalator-membranowy-wykorzystujacy-technologie-vmt-vibrating-mesh-technology-neb-800\/","title":{"rendered":"Innowacyjny inhalator membranowy wykorzystuj\u0105cy technologi\u0119 &#8211; VMT Vibrating Mesh Technology NEB 800"},"content":{"rendered":"<p>Nebulizator siateczkowy Microlife NEB 800 jest przeznaczony do terapii inhalacyjnej astmy, przewlek\u0142ego zapalenia oskrzeli i innych chor\u00f3b uk\u0142adu oddechowego. To ma\u0142e, ciche i ultralekkie rozwi\u0105zanie umo\u017cliwia skuteczne i wygodne leczenie w dowolnym miejscu. Nadaje si\u0119 do inhalacji ca\u0142ej rodziny.<\/p>\n<p><strong>ZALETY URZ\u0104DZENIA<\/strong><\/p>\n<ul>\n<li>Ma\u0142y, lekki kompaktowy<\/li>\n<li>Wydajno\u015b\u0107 inhalacji 0,20 ml \/ min<\/li>\n<li>Rozmiar cz\u0105stek &lt; 5 \u00b5m (MMAD)<\/li>\n<li>Funkcja Turbo &#8211; szybkie i dok\u0142adne czyszczenie<\/li>\n<li>Baterie w zestawie<\/li>\n<li>Zasilacz (opcjonalnie)<\/li>\n<li>Akcesoria mo\u017cna my\u0107 i dezynfekowa\u0107<\/li>\n<li>W zestawie maska dla dzieci, maska dla doros\u0142ych, ustnik<\/li>\n<li>Gwarancja 2 lata \u201cdoor to door\u201d<\/li>\n<\/ul>\n<p>&nbsp;<\/p>\n<p><strong>SPECYFIKACJA TECHNICZNA<\/strong><\/p>\n<ul>\n<li>Wydajno\u015b\u0107 aerozolu: 0,2 ml\/min.<\/li>\n<li>Wielko\u015b\u0107 cz\u0105stki: \u2248 5 \u03bcm (MMAD)<\/li>\n<li>Cz\u0119stotliwo\u015b\u0107 ultrad\u017awi\u0119kowa: 103 ~ 123 kHz \u00b1 1k<\/li>\n<li>Odg\u0142os pracy: &lt; 30 dBA<\/li>\n<li>Pojemno\u015b\u0107 zbiornika na lek: min. 2 ml; max. 8 ml<\/li>\n<li>Warunki pracy: 10 &#8211; 40 \u00b0C \/ 50 &#8211; 104 \u00b0F<\/li>\n<\/ul>\n<p>Maksymalna wilgotno\u015b\u0107 wzgl\u0119dna 30 &#8211; 80%<\/p>\n<ul>\n<li>Warunki przechowywania: -20 &#8211; +70 \u00b0C \/ -4 &#8211; 158 \u00b0F<\/li>\n<\/ul>\n<p>Maksymalna wilgotno\u015b\u0107 wzgl\u0119dna 10 &#8211; 85 %<\/p>\n<ul>\n<li>Waga: 130 g (bez baterii)<\/li>\n<li>Wymiary: 121 x 44 x 59 mm<\/li>\n<li>Automatyczne wy\u0142\u0105czanie:<\/li>\n<\/ul>\n<p>Automatyczne wy\u0142\u0105czanie po zu\u017cyciu p\u0142ynu z zasobnika.<\/p>\n<ul>\n<li>\u0179r\u00f3d\u0142o napi\u0119cia: 2 x 1,5 V baterie alkaliczne; rozmiar AA<\/li>\n<li>Zasilacz DC 3V, 1,33A (opcja)<\/li>\n<li>\u017bywotno\u015b\u0107 baterii: Oko\u0142o 90 minut (u\u017cywaj\u0105c nowych baterii)<\/li>\n<li>Klasa IP: IP22<\/li>\n<li>Normy: EN 13544-1; EN 60601-1; EN 60601-1-2; ISO10933-5\/-10; CE0120<\/li>\n<li>Przewidywana \u017cywotno\u015b\u0107 urz\u0105dzenia:<\/li>\n<\/ul>\n<p>Urz\u0105dzenie: 2 lat<\/p>\n<p>G\u0142owica inhalatora: 12 miesi\u0119cy,<\/p>\n<p>przy u\u017cyciu 3 razy \/ dzie\u0144 przez<\/p>\n<p>&nbsp;<\/p>\n<p>&nbsp;<\/p>\n<p>&nbsp;<\/p>\n","protected":false},"excerpt":{"rendered":"<ul style=\"font-size:1rem;\">\n<li class=\"transport\"><i class=\"fas fa-dolly\"><\/i> <span style=\"color: #0c7804;\"><strong class=\"transport\"> Darmowa dostawa w Bydgoszczy <\/strong><br \/>(przy zam\u00f3wieniu powy\u017cej 100 z\u0142, mo\u017cliwo\u015b\u0107 p\u0142atno\u015bci kart\u0105 przy odbiorze)<\/span><\/li>\n<li class=\"transport\"><i class=\"far fa-eye\"><\/i> Mo\u017cliwo\u015b\u0107 obejrzenia sprz\u0119tu w sklepie stacjonarnym<\/li>\n<li class=\"transport\"><i class=\"fas fa-undo\"><\/i> Mo\u017cliwo\u015b\u0107 zwrotu sprz\u0119tu do <strong>30 dni<\/strong><\/li>\n<li class=\"transport\"><i class=\"far fa-credit-card\"><\/i> <strong> P\u0142atno\u015b\u0107 kart\u0105<\/strong><\/li>\n<\/ul>\n<div class=\"more-link-wrapper\"><a class=\"more-link\" href=\"https:\/\/almach.pl\/sklep\/?product=innowacyjny-inhalator-membranowy-wykorzystujacy-technologie-vmt-vibrating-mesh-technology-neb-800\/\">Read More<span class=\"screen-reader-text\">Innowacyjny inhalator membranowy wykorzystuj\u0105cy technologi\u0119 &#8211; VMT Vibrating Mesh Technology NEB 800<\/span><\/a><\/div>\n","protected":false},"featured_media":301,"comment_status":"closed","ping_status":"closed","template":"","meta":[],"product_cat":[128,31],"product_tag":[],"_links":{"self":[{"href":"https:\/\/almach.pl\/sklep\/index.php?rest_route=\/wp\/v2\/product\/242"}],"collection":[{"href":"https:\/\/almach.pl\/sklep\/index.php?rest_route=\/wp\/v2\/product"}],"about":[{"href":"https:\/\/almach.pl\/sklep\/index.php?rest_route=\/wp\/v2\/types\/product"}],"replies":[{"embeddable":true,"href":"https:\/\/almach.pl\/sklep\/index.php?rest_route=%2Fwp%2Fv2%2Fcomments&post=242"}],"wp:featuredmedia":[{"embeddable":true,"href":"https:\/\/almach.pl\/sklep\/index.php?rest_route=\/wp\/v2\/media\/301"}],"wp:attachment":[{"href":"https:\/\/almach.pl\/sklep\/index.php?rest_route=%2Fwp%2Fv2%2Fmedia&parent=242"}],"wp:term":[{"taxonomy":"product_cat","embeddable":true,"href":"https:\/\/almach.pl\/sklep\/index.php?rest_route=%2Fwp%2Fv2%2Fproduct_cat&post=242"},{"taxonomy":"product_tag","embeddable":true,"href":"https:\/\/almach.pl\/sklep\/index.php?rest_route=%2Fwp%2Fv2%2Fproduct_tag&post=242"}],"curies":[{"name":"wp","href":"https:\/\/api.w.org\/{rel}","templated":true}]}}