 
 {"id":226,"date":"2021-06-01T21:35:13","date_gmt":"2021-06-01T19:35:13","guid":{"rendered":"https:\/\/almach.pl\/sklep-alpha-2021\/?post_type=product&#038;p=226"},"modified":"2021-10-13T14:23:40","modified_gmt":"2021-10-13T12:23:40","slug":"wozek-inwalidzki-reczny-jazz","status":"publish","type":"product","link":"https:\/\/almach.pl\/sklep\/?product=wozek-inwalidzki-reczny-jazz\/","title":{"rendered":"W\u00f3zek inwalidzki r\u0119czny JAZZ S50"},"content":{"rendered":"<p>W\u00f3zek inwalidzki standardowy wykonany ze stali precyzyjnej. Konstrukcja oparta o <strong>legend\u0119<\/strong> w naszej ofercie &#8211; w\u00f3zek ultralekki JAZZ, kt\u00f3ry by\u0142 wykonany z chromo-molibdenu.\u00a0I jak na legend\u0119 przysta\u0142o, jego waga wynosi tylko 16,1 kg. Jak na w\u00f3zek stalowy to rewelacyjny wynik. Zawiera w sobie wszystko, to co stanowi\u0142o i nadal stanowi o JAZZ-ie, jest trwa\u0142y, solidny i niezawodny. Wynosi standard na wy\u017cszy poziom jako\u015bciowy. Przeznaczony dla os\u00f3b z dysfunkcj\u0105 narz\u0105d\u00f3w ruchu.<\/p>\n<div id=\"view:_id1:repeat5\">\n<div id=\"view:_id1:repeat5:0:inputRichText2\">\n<p dir=\"ltr\"><strong>GWARANCJA,<\/strong>\u00a0jak\u0105 dajemy na konstrukcj\u0119 metalow\u0105,\u00a0<strong>5 la<\/strong>t m\u00f3wi sama za siebie.<\/p>\n<p dir=\"ltr\"><strong>WAGA\u00a0<\/strong>w\u00f3zka to tylko 16,1 kg. To najl\u017cejszy w\u00f3zek stalowy na rynku.<\/p>\n<p dir=\"ltr\"><strong>MAKSYMALNE OBCI\u0104\u017bENIE\u00a0<\/strong>to 130 kg. Jak na w\u00f3zek standardowy to imponuj\u0105cy wynik.<\/p>\n<p dir=\"ltr\"><strong>JAKO\u015a\u0106<\/strong>,\u00a0<strong>WYTRZYMA\u0141O\u015a\u0106<\/strong>,\u00a0<strong>BEZPIECZE\u0143STWO.<\/strong><\/p>\n<ul>\n<li>Mo\u017cliwo\u015b\u0107 doposa\u017cenia w opcje dodatkowe,<\/li>\n<li>w jednej wersji kolorystycznej,<\/li>\n<li>pod\u0142okietnik tylko B03 (\u015bci\u0119ty),<\/li>\n<li>pod\u0142okietniki odchylane i wyci\u0105gane,<\/li>\n<li>podn\u00f3\u017cki odchylane do wew i na zew, odpinane,<\/li>\n<li>regulacja wysoko\u015bci p\u0142yty podn\u00f3\u017cka<\/li>\n<li>ko\u0142a przednie krypton lub pompowane,<\/li>\n<li>ko\u0142a tylne krypton lub pompowane,<\/li>\n<li>ko\u0142a na szybkoz\u0142\u0105czce.<\/li>\n<\/ul>\n<p>Dane techniczne:<\/p>\n<p>D\u0142ugo\u015b\u0107 ca\u0142kowita z podn\u00f3\u017ckiem 1120 mm<br \/>\nSzeroko\u015b\u0107 u\u017cytkowa siedziska<br \/>\n390 mm<br \/>\n420 mm<br \/>\n440 mm<br \/>\n460 mm<br \/>\n480 mm<br \/>\n500 mm<br \/>\nSzeroko\u015b\u0107 ca\u0142kowita (zale\u017cy od szeroko\u015bci siedziska)<br \/>\n565 mm<br \/>\n595 mm<br \/>\n615 mm<br \/>\n635 mm<br \/>\n655 mm<br \/>\n675 mm<br \/>\nD\u0142ugo\u015b\u0107 po z\u0142o\u017ceniu 825 mm<br \/>\nSzeroko\u015b\u0107 po z\u0142o\u017ceniu 290 mm<br \/>\nWysoko\u015b\u0107 po z\u0142o\u017ceniu 935 mm<br \/>\nWaga ca\u0142kowita 16,60 kg<br \/>\nWaga najci\u0119\u017cszej cz\u0119\u015bci\u00a0 8,05 kg<br \/>\nWaga cz\u0119\u015bci, kt\u00f3re mog\u0105 by\u0107 demontowane lub usuni\u0119te: Podn\u00f3\u017cki: 1,80 kg; Oparcia na d\u0142onie: 1,80 kg; Ko\u0142a nap\u0119dowe (tylnie): 4,95 kg<br \/>\nStabilno\u015b\u0107 statyczna z g\u00f3rki 15\u00b0<br \/>\nStabilno\u015b\u0107 statyczna pod g\u00f3rk\u0119 10\u00b0<br \/>\nStabilno\u015b\u0107 statyczna w poprzek 15\u00b0<br \/>\nG\u0142\u0119boko\u015b\u0107 u\u017cytkowa siedziska 450 mm<br \/>\nWysoko\u015b\u0107 przedniej kraw\u0119dzi siedziska 500 mm<br \/>\nPochylenie siedziska 5\u00b0<br \/>\nWysoko\u015b\u0107 oparcia 420 mm<br \/>\nK\u0105t nachylenia oparcia 0\u00b0<br \/>\nOdleg\u0142o\u015b\u0107 siedziska od podn\u00f3\u017cka 370 &#8211; 440 mm<br \/>\nK\u0105t pomi\u0119dzy siedziskiem a podn\u00f3\u017ckiem\u00a0 7\u00b0<br \/>\nOdleg\u0142o\u015b\u0107 siedziska od pod\u0142okietnika\u00a0 220 mm<br \/>\nPrzednia pozycja pod\u0142okietnika 310 mm<br \/>\n\u015arednica obr\u0119czy 535 mm<br \/>\nPozycja osi w poziomie (odchy\u0142) 10 mm<br \/>\nMinimalny promie\u0144 skr\u0119tu 1190 mm<br \/>\n\u015arednica k\u00f3\u0142 tylnich 24&#8243; (opcjonalne 12&#8243;)<br \/>\nCi\u015bnienie w oponach, ko\u0142a tylne (nap\u0119dowe) Maksymalnie 3,5 bara<br \/>\n\u015arednica k\u00f3\u0142 skr\u0119tnych 200 mm<br \/>\nCi\u015bnienie w oponach, ko\u0142a skr\u0119tne Maksymalnie 2,5 bara<br \/>\nTemperatura przechowywania i u\u017cytkowania + 5 \u00b0C &#8211; + 41 \u00b0C<\/p>\n<\/div>\n<\/div>\n","protected":false},"excerpt":{"rendered":"<ul style=\"font-size: 1rem;\">\n<li class=\"transport\"><i class=\"fas fa-dolly\"><\/i> <span style=\"color: #0c7804;\"><strong class=\"transport\"> Darmowa dostawa w Bydgoszczy <\/strong><br \/>\n(przy zam\u00f3wieniu powy\u017cej 100 z\u0142, mo\u017cliwo\u015b\u0107 p\u0142atno\u015bci kart\u0105 przy odbiorze)<\/span><\/li>\n<li class=\"transport\"><i class=\"far fa-eye\"><\/i> Mo\u017cliwo\u015b\u0107 obejrzenia sprz\u0119tu w sklepie stacjonarnym<\/li>\n<li class=\"transport\"><i class=\"fas fa-undo\"><\/i> Mo\u017cliwo\u015b\u0107 zwrotu sprz\u0119tu do <strong>30 dni<\/strong><\/li>\n<li class=\"transport\"><i class=\"far fa-credit-card\"><\/i> <strong> P\u0142atno\u015b\u0107 kart\u0105<\/strong><\/li>\n<\/ul>\n<div class=\"more-link-wrapper\"><a class=\"more-link\" href=\"https:\/\/almach.pl\/sklep\/?product=wozek-inwalidzki-reczny-jazz\/\">Read More<span class=\"screen-reader-text\">W\u00f3zek inwalidzki r\u0119czny JAZZ S50<\/span><\/a><\/div>\n","protected":false},"featured_media":329,"comment_status":"closed","ping_status":"closed","template":"","meta":[],"product_cat":[15],"product_tag":[],"_links":{"self":[{"href":"https:\/\/almach.pl\/sklep\/index.php?rest_route=\/wp\/v2\/product\/226"}],"collection":[{"href":"https:\/\/almach.pl\/sklep\/index.php?rest_route=\/wp\/v2\/product"}],"about":[{"href":"https:\/\/almach.pl\/sklep\/index.php?rest_route=\/wp\/v2\/types\/product"}],"replies":[{"embeddable":true,"href":"https:\/\/almach.pl\/sklep\/index.php?rest_route=%2Fwp%2Fv2%2Fcomments&post=226"}],"wp:featuredmedia":[{"embeddable":true,"href":"https:\/\/almach.pl\/sklep\/index.php?rest_route=\/wp\/v2\/media\/329"}],"wp:attachment":[{"href":"https:\/\/almach.pl\/sklep\/index.php?rest_route=%2Fwp%2Fv2%2Fmedia&parent=226"}],"wp:term":[{"taxonomy":"product_cat","embeddable":true,"href":"https:\/\/almach.pl\/sklep\/index.php?rest_route=%2Fwp%2Fv2%2Fproduct_cat&post=226"},{"taxonomy":"product_tag","embeddable":true,"href":"https:\/\/almach.pl\/sklep\/index.php?rest_route=%2Fwp%2Fv2%2Fproduct_tag&post=226"}],"curies":[{"name":"wp","href":"https:\/\/api.w.org\/{rel}","templated":true}]}}