 
 {"id":190,"date":"2021-06-01T20:17:18","date_gmt":"2021-06-01T18:17:18","guid":{"rendered":"https:\/\/almach.pl\/sklep-alpha-2021\/?post_type=product&#038;p=190"},"modified":"2021-10-13T14:28:06","modified_gmt":"2021-10-13T12:28:06","slug":"balkonik-trzykolowy-skladany","status":"publish","type":"product","link":"https:\/\/almach.pl\/sklep\/?product=balkonik-trzykolowy-skladany\/","title":{"rendered":"Balkonik trzyko\u0142owy sk\u0142adany"},"content":{"rendered":"<div id=\"view:_id1:repeat5\">\n<div id=\"view:_id1:repeat5:0:inputRichText2\">\n<p dir=\"ltr\">Sk\u0142adany balkonik tr\u00f3jko\u0142owy. Doskona\u0142y do poruszania si\u0119 nie tylko w pomieszczeniach zamkni\u0119tych, ale r\u00f3wnie\u017c na zewn\u0105trz. Podp\u00f3rk\u0119 mo\u017cna w \u0142atwy i szybki spos\u00f3b sk\u0142ada\u0107. Ko\u0142a bezd\u0119tkowe.<\/p>\n<p dir=\"ltr\">Wyposa\u017cony w kosz oraz torb\u0119, kt\u00f3re u\u0142atwiaj\u0105 robienie zakup\u00f3w. Wyposa\u017cony w regulowane na wysoko\u015b\u0107 r\u0105czki do pchania z hamulcami. \u0141atwy w transporcie z powodu swojej niskiej wagi i mo\u017cliwo\u015bci sk\u0142adania.<\/p>\n<p dir=\"ltr\">szeroko\u015b\u0107 680 mm<br \/>\nwysoko\u015b\u0107 820 &#8211; 920 mm<br \/>\nd\u0142ugo\u015b\u0107 576 mm<br \/>\nwaga 5,8 kg<br \/>\nmax. obci\u0105\u017cenie 125 kg<br \/>\nko\u0142a (prz\u00f3d \/ ty\u0142) 8 x 11\/4 \u00f8 190 mm<br \/>\nzabarwienie champagne<\/p>\n<p dir=\"ltr\">Zestaw zawiera:<\/p>\n<ul>\n<li>koszyk na zakupy,<\/li>\n<li>torba,<\/li>\n<li>tacka,<\/li>\n<li>hamulce,<\/li>\n<li>regulacja wysoko\u015bci r\u0105czek<\/li>\n<\/ul>\n<\/div>\n<\/div>\n","protected":false},"excerpt":{"rendered":"<ul style=\"font-size:1rem;\">\n<li class=\"transport\"><i class=\"fas fa-dolly\"><\/i> <span style=\"color: #0c7804;\"><strong class=\"transport\"> Darmowa dostawa w Bydgoszczy <\/strong><br \/>(przy zam\u00f3wieniu powy\u017cej 100 z\u0142, mo\u017cliwo\u015b\u0107 p\u0142atno\u015bci kart\u0105 przy odbiorze)<\/span><\/li>\n<li class=\"transport\"><i class=\"far fa-eye\"><\/i> Mo\u017cliwo\u015b\u0107 obejrzenia sprz\u0119tu w sklepie stacjonarnym<\/li>\n<li class=\"transport\"><i class=\"fas fa-undo\"><\/i> Mo\u017cliwo\u015b\u0107 zwrotu sprz\u0119tu do <strong>30 dni<\/strong><\/li>\n<li class=\"transport\"><i class=\"far fa-credit-card\"><\/i> <strong> P\u0142atno\u015b\u0107 kart\u0105<\/strong><\/li>\n<\/ul>\n<div class=\"more-link-wrapper\"><a class=\"more-link\" href=\"https:\/\/almach.pl\/sklep\/?product=balkonik-trzykolowy-skladany\/\">Read More<span class=\"screen-reader-text\">Balkonik trzyko\u0142owy sk\u0142adany<\/span><\/a><\/div>\n","protected":false},"featured_media":355,"comment_status":"closed","ping_status":"closed","template":"","meta":[],"product_cat":[93,86],"product_tag":[],"_links":{"self":[{"href":"https:\/\/almach.pl\/sklep\/index.php?rest_route=\/wp\/v2\/product\/190"}],"collection":[{"href":"https:\/\/almach.pl\/sklep\/index.php?rest_route=\/wp\/v2\/product"}],"about":[{"href":"https:\/\/almach.pl\/sklep\/index.php?rest_route=\/wp\/v2\/types\/product"}],"replies":[{"embeddable":true,"href":"https:\/\/almach.pl\/sklep\/index.php?rest_route=%2Fwp%2Fv2%2Fcomments&post=190"}],"wp:featuredmedia":[{"embeddable":true,"href":"https:\/\/almach.pl\/sklep\/index.php?rest_route=\/wp\/v2\/media\/355"}],"wp:attachment":[{"href":"https:\/\/almach.pl\/sklep\/index.php?rest_route=%2Fwp%2Fv2%2Fmedia&parent=190"}],"wp:term":[{"taxonomy":"product_cat","embeddable":true,"href":"https:\/\/almach.pl\/sklep\/index.php?rest_route=%2Fwp%2Fv2%2Fproduct_cat&post=190"},{"taxonomy":"product_tag","embeddable":true,"href":"https:\/\/almach.pl\/sklep\/index.php?rest_route=%2Fwp%2Fv2%2Fproduct_tag&post=190"}],"curies":[{"name":"wp","href":"https:\/\/api.w.org\/{rel}","templated":true}]}}