 
 {"id":1171,"date":"2021-10-14T10:01:49","date_gmt":"2021-10-14T08:01:49","guid":{"rendered":"https:\/\/almach.pl\/sklep\/?post_type=product&#038;p=1171\/"},"modified":"2021-10-14T10:01:49","modified_gmt":"2021-10-14T08:01:49","slug":"mobilis-rhizosupport-stabilizator-kciuka","status":"publish","type":"product","link":"https:\/\/almach.pl\/sklep\/?product=mobilis-rhizosupport-stabilizator-kciuka\/","title":{"rendered":"Mobilis RhizoSupport Stabilizator kciuka"},"content":{"rendered":"<div class=\"sp-editor                                                     js-sp-group\n                                                \"><\/p>\n<div class=\"js-sp-group__content\">\n<p>Rizartroza i zmiany boczne kciuka, powszechnie znane jako kciuk narciarza, powoduj\u0105 b\u00f3l. RhizoSupport dzi\u0119ki wbudowanym stalkom zapewnia kontrol\u0119 ruch\u00f3w kciuka i silne wsparcie w przypadku ostrych lub przewlek\u0142ych dolegliwo\u015bci b\u00f3lowych. Zapi\u0119cie na rzep pozwala regulowa\u0107 i dopasowa\u0107 stabilizator do r\u0119ki, a p\u0119tla na kciuk u\u0142atwia jego \u015bci\u0105ganie i zak\u0142adanie. Stabilizator mo\u017ce by\u0107 stosowany zar\u00f3wno na praw\u0105, jak i lew\u0105 d\u0142o\u0144.<\/p>\n<p>Stabilizator kciuka ze stalkami zapewniaj\u0105cymi wsparcie. Du\u017ca regulacja i \u0142atwo\u015b\u0107 zak\u0142adania.<\/p>\n<\/div>\n<\/div>\n<div class=\"sp-list js-sp-group\">\n<h2 class=\"sp-list__title js-sp-group__title\">Wskazania<\/h2>\n<div class=\"js-sp-group__content\">\n<ul>\n<li>Rizartroza<\/li>\n<li>Zmiany boczne kciuka (kciuk narciarza)<\/li>\n<\/ul>\n<\/div>\n<\/div>\n<div class=\"sp-list js-sp-group\">\n<h2 class=\"sp-list__title js-sp-group__title\">Sk\u0142ad<\/h2>\n<div class=\"js-sp-group__content\">\n<ul>\n<li>92% Poliamid<\/li>\n<li>8% Elastan<\/li>\n<\/ul>\n<\/div>\n<\/div>\n<div class=\"sp-table js-sp-group\">\n<h2 class=\"sp-table__title js-sp-group__title\">Tabela rozmiar\u00f3w<\/h2>\n<div class=\"js-sp-group__content\">\n<div class=\"table-wrap table-wrap--left\">\n<div class=\"table-wrap__table\">\n<table class=\"table table--big\">\n<thead>\n<tr>\n<td>Rozmiar (cm)<\/td>\n<td>S\/M<\/td>\n<td>L\/XL<\/td>\n<\/tr>\n<\/thead>\n<tbody>\n<tr>\n<td>Obw\u00f3d nadgarstka, w najw\u0119\u017cszym miejscu<\/td>\n<td>13-17<\/td>\n<td>17-23<\/td>\n<\/tr>\n<\/tbody>\n<\/table>\n<\/div>\n<\/div>\n<\/div>\n<\/div>\n","protected":false},"excerpt":{"rendered":"<p>Rizartroza i zmiany boczne kciuka, powszechnie znane jako kciuk narciarza, powoduj\u0105 b\u00f3l. RhizoSupport dzi\u0119ki wbudowanym stalkom zapewnia kontrol\u0119 ruch\u00f3w kciuka i silne wsparcie w przypadku&#8230;<\/p>\n<div class=\"more-link-wrapper\"><a class=\"more-link\" href=\"https:\/\/almach.pl\/sklep\/?product=mobilis-rhizosupport-stabilizator-kciuka\/\">Read More<span class=\"screen-reader-text\">Mobilis RhizoSupport Stabilizator kciuka<\/span><\/a><\/div>\n","protected":false},"featured_media":1172,"comment_status":"closed","ping_status":"closed","template":"","meta":[],"product_cat":[113,118],"product_tag":[],"_links":{"self":[{"href":"https:\/\/almach.pl\/sklep\/index.php?rest_route=\/wp\/v2\/product\/1171"}],"collection":[{"href":"https:\/\/almach.pl\/sklep\/index.php?rest_route=\/wp\/v2\/product"}],"about":[{"href":"https:\/\/almach.pl\/sklep\/index.php?rest_route=\/wp\/v2\/types\/product"}],"replies":[{"embeddable":true,"href":"https:\/\/almach.pl\/sklep\/index.php?rest_route=%2Fwp%2Fv2%2Fcomments&post=1171"}],"wp:featuredmedia":[{"embeddable":true,"href":"https:\/\/almach.pl\/sklep\/index.php?rest_route=\/wp\/v2\/media\/1172"}],"wp:attachment":[{"href":"https:\/\/almach.pl\/sklep\/index.php?rest_route=%2Fwp%2Fv2%2Fmedia&parent=1171"}],"wp:term":[{"taxonomy":"product_cat","embeddable":true,"href":"https:\/\/almach.pl\/sklep\/index.php?rest_route=%2Fwp%2Fv2%2Fproduct_cat&post=1171"},{"taxonomy":"product_tag","embeddable":true,"href":"https:\/\/almach.pl\/sklep\/index.php?rest_route=%2Fwp%2Fv2%2Fproduct_tag&post=1171"}],"curies":[{"name":"wp","href":"https:\/\/api.w.org\/{rel}","templated":true}]}}