 
 {"id":1148,"date":"2021-10-14T09:39:32","date_gmt":"2021-10-14T07:39:32","guid":{"rendered":"https:\/\/almach.pl\/sklep\/?post_type=product&#038;p=1148\/"},"modified":"2021-10-14T09:39:32","modified_gmt":"2021-10-14T07:39:32","slug":"mobilis-genuwrap-stabilizator-kolana","status":"publish","type":"product","link":"https:\/\/almach.pl\/sklep\/?product=mobilis-genuwrap-stabilizator-kolana\/","title":{"rendered":"Mobilis GenuWrap Stabilizator kolana"},"content":{"rendered":"<div class=\"sp-editor                                                     js-sp-group\n                                                \"><\/p>\n<div class=\"js-sp-group__content\">\n<p>Odpowiednia stabilizacja jest kluczem w leczeniu b\u00f3lu kolana, a tak\u017ce w powrocie do zdrowia po operacji lub kontuzji. GenuWrap to stabilizator kolana wykonany z oddychaj\u0105cej, perforowanej tkaniny neoprenowej pomagaj\u0105cej utrzyma\u0107 wilgo\u0107 z daleka od sk\u00f3ry, kt\u00f3ry mo\u017cna stosowa\u0107 zar\u00f3wno na prawe, jak i lewe kolano. Wk\u0142adka w okolicy rzepki zapewnia maksymaln\u0105 stabilizacj\u0119 i wsparcie podczas chodzenia, daje uczucie przyjemnego masa\u017cu, a regulacja za pomoc\u0105 rzep\u00f3w umo\u017cliwia optymalne dopasowanie stabilizatora praktycznie do ka\u017cdej nogi.<\/p>\n<p>Regulowany stabilizator kolana wykonany z oddychaj\u0105cego neoprenu; wk\u0142adka w okolicy rzepki zapewnia maksymaln\u0105 stabilizacj\u0119 oraz wsparcie podczas chodzenia; mo\u017cliwo\u015b\u0107 stosowania zar\u00f3wno na prawe jak i lewe kolano.<\/p>\n<\/div>\n<\/div>\n<div class=\"sp-list js-sp-group\">\n<h2 class=\"sp-list__title js-sp-group__title\">Wskazania<\/h2>\n<div class=\"js-sp-group__content\">\n<ul>\n<li>Przewlek\u0142e stany zapalne<\/li>\n<li>Fibromialgia<\/li>\n<li>Pooperacyjnie, pourazow<\/li>\n<li>B\u00f3l w okolicy rzepki (chondropathia patellae)<\/li>\n<\/ul>\n<\/div>\n<\/div>\n<div class=\"sp-list js-sp-group\">\n<h2 class=\"sp-list__title js-sp-group__title\">Sk\u0142ad<\/h2>\n<div class=\"js-sp-group__content\">\n<ul>\n<li>94% Poliamid<\/li>\n<li>6% Elastan<\/li>\n<\/ul>\n<\/div>\n<\/div>\n<div class=\"sp-table js-sp-group\">\n<h2 class=\"sp-table__title js-sp-group__title\">Tabela rozmiar\u00f3w<\/h2>\n<div class=\"js-sp-group__content\">\n<div class=\"table-wrap table-wrap--left\">\n<div class=\"table-wrap__table\">\n<table class=\"table table--big\">\n<thead>\n<tr>\n<td>Rozmiar (cm)<\/td>\n<td>S\/M<\/td>\n<td>L\/XL<\/td>\n<\/tr>\n<\/thead>\n<tbody>\n<tr>\n<td>Obw\u00f3d kolana, w zgi\u0119ciu 30 stopni<\/td>\n<td>30-42<\/td>\n<td>42-55<\/td>\n<\/tr>\n<\/tbody>\n<\/table>\n<\/div>\n<\/div>\n<\/div>\n<\/div>\n","protected":false},"excerpt":{"rendered":"<ul style=\"font-size: 1rem;\">\n<li class=\"transport\"><i class=\"fas fa-dolly\"><\/i> <span style=\"color: #0c7804;\"><strong class=\"transport\"> Darmowa dostawa w Bydgoszczy <\/strong><br \/>\n(przy zam\u00f3wieniu powy\u017cej 100 z\u0142, mo\u017cliwo\u015b\u0107 p\u0142atno\u015bci kart\u0105 przy odbiorze)<\/span><\/li>\n<li class=\"transport\"><i class=\"far fa-eye\"><\/i> Mo\u017cliwo\u015b\u0107 obejrzenia produktu w sklepie stacjonarnym<\/li>\n<li class=\"transport\"><i class=\"fas fa-undo\"><\/i> Mo\u017cliwo\u015b\u0107 zwrotu produktu do <strong>30 dni<\/strong><\/li>\n<li class=\"transport\"><i class=\"far fa-credit-card\"><\/i> <strong> P\u0142atno\u015b\u0107 kart\u0105<\/strong><\/li>\n<\/ul>\n<div class=\"more-link-wrapper\"><a class=\"more-link\" href=\"https:\/\/almach.pl\/sklep\/?product=mobilis-genuwrap-stabilizator-kolana\/\">Read More<span class=\"screen-reader-text\">Mobilis GenuWrap Stabilizator kolana<\/span><\/a><\/div>\n","protected":false},"featured_media":1149,"comment_status":"closed","ping_status":"closed","template":"","meta":[],"product_cat":[121,113],"product_tag":[],"_links":{"self":[{"href":"https:\/\/almach.pl\/sklep\/index.php?rest_route=\/wp\/v2\/product\/1148"}],"collection":[{"href":"https:\/\/almach.pl\/sklep\/index.php?rest_route=\/wp\/v2\/product"}],"about":[{"href":"https:\/\/almach.pl\/sklep\/index.php?rest_route=\/wp\/v2\/types\/product"}],"replies":[{"embeddable":true,"href":"https:\/\/almach.pl\/sklep\/index.php?rest_route=%2Fwp%2Fv2%2Fcomments&post=1148"}],"wp:featuredmedia":[{"embeddable":true,"href":"https:\/\/almach.pl\/sklep\/index.php?rest_route=\/wp\/v2\/media\/1149"}],"wp:attachment":[{"href":"https:\/\/almach.pl\/sklep\/index.php?rest_route=%2Fwp%2Fv2%2Fmedia&parent=1148"}],"wp:term":[{"taxonomy":"product_cat","embeddable":true,"href":"https:\/\/almach.pl\/sklep\/index.php?rest_route=%2Fwp%2Fv2%2Fproduct_cat&post=1148"},{"taxonomy":"product_tag","embeddable":true,"href":"https:\/\/almach.pl\/sklep\/index.php?rest_route=%2Fwp%2Fv2%2Fproduct_tag&post=1148"}],"curies":[{"name":"wp","href":"https:\/\/api.w.org\/{rel}","templated":true}]}}