 
 {"id":1093,"date":"2021-10-13T12:12:42","date_gmt":"2021-10-13T10:12:42","guid":{"rendered":"https:\/\/almach.pl\/sklep\/?page_id=1093\/"},"modified":"2021-10-14T14:45:12","modified_gmt":"2021-10-14T12:45:12","slug":"zakupy-na-raty","status":"publish","type":"page","link":"https:\/\/almach.pl\/sklep\/?page_id=1093\/","title":{"rendered":"Zakupy na raty"},"content":{"rendered":"<p><strong><img loading=\"lazy\" class=\"alignnone size-medium wp-image-1194\" src=\"https:\/\/almach.pl\/sklep\/wp-content\/uploads\/2021\/10\/baner-kalkulator3a-16-300x41.jpg\" alt=\"\" width=\"300\" height=\"41\" srcset=\"https:\/\/almach.pl\/sklep\/wp-content\/uploads\/2021\/10\/baner-kalkulator3a-16-300x41.jpg 300w, https:\/\/almach.pl\/sklep\/wp-content\/uploads\/2021\/10\/baner-kalkulator3a-16-500x68.jpg 500w, https:\/\/almach.pl\/sklep\/wp-content\/uploads\/2021\/10\/baner-kalkulator3a-16.jpg 752w\" sizes=\"(max-width: 300px) 100vw, 300px\" \/><\/strong><\/p>\n<p>Aby skorzysta\u0107 z kredytu ratalnego wystarczy podczas zakup\u00f3w online wybra\u0107 opcj\u0119 p\u0142atno\u015bci: BNP Paribas Raty. Decyzja kredytowa (po zweryfikowaniu zdolno\u015bci kredytowej) zostanie przes\u0142ana na wskazany przez Ciebie adres e-mail po potwierdzeniu przez sklep dost\u0119pno\u015bci towaru dla Ciebie.<\/p>\n<p>Oferta obowi\u0105zuje od 3 do 36 miesi\u0119cy, kwota finansowania od 150 z\u0142 do 40000 ty\u015b. z\u0142.<\/p>\n<p>W przypadku zakupu , kt\u00f3rych warto\u015b\u0107 koszyka wynosi powy\u017cej 150 z\u0142 udost\u0119pniamy mo\u017cliwo\u015b\u0107 zakupu na raty\u00a0<strong>10&#215;0%<\/strong>. W przypadku ch\u0119ci skorzystania z tej oferty prosimy wybra\u0107 form\u0119 p\u0142atno\u015bci\u00a0<strong>Raty BNP Paribas<\/strong>\u00a0oraz doda\u0107 komentarz do zam\u00f3wienia o tre\u015bci &#8222;<strong>Raty 10&#215;0%<\/strong>&#8222;.<\/p>\n<p><img loading=\"lazy\" class=\"alignnone size-medium wp-image-1195\" src=\"https:\/\/almach.pl\/sklep\/wp-content\/uploads\/2021\/10\/raty10x0-03-300x81.jpg\" alt=\"\" width=\"300\" height=\"81\" srcset=\"https:\/\/almach.pl\/sklep\/wp-content\/uploads\/2021\/10\/raty10x0-03-300x81.jpg 300w, https:\/\/almach.pl\/sklep\/wp-content\/uploads\/2021\/10\/raty10x0-03-500x134.jpg 500w, https:\/\/almach.pl\/sklep\/wp-content\/uploads\/2021\/10\/raty10x0-03.jpg 752w\" sizes=\"(max-width: 300px) 100vw, 300px\" \/><\/p>\n<p><img loading=\"lazy\" class=\"alignnone size-medium wp-image-1196\" src=\"https:\/\/almach.pl\/sklep\/wp-content\/uploads\/2021\/10\/RATY-04-300x89.jpg\" alt=\"\" width=\"300\" height=\"89\" srcset=\"https:\/\/almach.pl\/sklep\/wp-content\/uploads\/2021\/10\/RATY-04-300x89.jpg 300w, https:\/\/almach.pl\/sklep\/wp-content\/uploads\/2021\/10\/RATY-04.jpg 470w\" sizes=\"(max-width: 300px) 100vw, 300px\" \/><\/p>\n<p><strong>Etapy procesu uzyskania kredytu na zakupy:<\/strong><\/p>\n<ol>\n<li><strong> Wybierz towar i z\u0142\u00f3\u017c zam\u00f3wienie<\/strong><\/li>\n<\/ol>\n<p>Z\u0142\u00f3\u017c zam\u00f3wienie w sklepie internetowym. Jako form\u0119 p\u0142atno\u015bci wybierz raty Banku BNP Paribas, gdy \u0142\u0105czna warto\u015b\u0107 zakup\u00f3w jest wy\u017csza ni\u017c 150 z\u0142.<\/p>\n<ol start=\"2\">\n<li><strong> Link do wniosku kredytowego<\/strong><\/li>\n<\/ol>\n<p>Po z\u0142o\u017ceniu zam\u00f3wienia, pod informacjami o szczeg\u00f3\u0142ach zam\u00f3wienia pojawi si\u0119 przycisk &#8222;Kupuj\u0119 na raty&#8221;. Nale\u017cy w niego klikn\u0105\u0107, jest to indywidualny link do wniosku o kredyt. Post\u0119pujesz zgodnie z poszczeg\u00f3lnymi krokami we wniosku. Mo\u017cesz wybra\u0107 ilo\u015b\u0107 rat, kwot\u0119 wp\u0142aty w\u0142asnej, dzie\u0144 p\u0142atno\u015bci raty lub termin odroczenia. W nast\u0119pnym kroku podajesz swoje dane. Nast\u0119pnie wysy\u0142asz wniosek i czekasz na weryfikacj\u0119 z Banku. Je\u017celi wszystko jest poprawne wniosek zostaje zaakceptowany i otrzymujesz umow\u0119 do podpisania.<\/p>\n<ol start=\"3\">\n<li><strong>Zaakceptuj umow\u0119 i wykonaj przelew weryfikacyjny<\/strong><\/li>\n<\/ol>\n<p>Wraz z pozytywn\u0105 decyzj\u0105 kredytow\u0105 otrzymasz link do umowy, nast\u0119pnie potwierd\u017a swoj\u0105 to\u017csamo\u015b\u0107 &#8211; zaloguj si\u0119 do swojej bankowo\u015bci internetowej i prze\u015blij dane lub wykonaj przelew weryfikacyjny na kwot\u0119 1 z\u0142, przelana kwota niezw\u0142ocznie zostanie do Ciebie zwr\u00f3cona. Pami\u0119taj, \u017ce dane z rachunku bankowego, musz\u0105 by\u0107 zgodne z danymi wprowadzonymi we wniosku, a konto, kt\u00f3rego u\u017cywasz do weryfikacji to\u017csamo\u015bci, musi by\u0107 kontem indywidualnym. Po poprawnej weryfikacji wyp\u0142acimy \u015brodki z kredytu na rachunek sklepu.<\/p>\n<ol start=\"4\">\n<li><strong>Oczekuj na towar<\/strong><\/li>\n<\/ol>\n<p>Zam\u00f3wiony towar zostanie wys\u0142any przez sklep internetowy niezw\u0142ocznie po uruchomieniu umowy kredytowej. Blankiety sp\u0142at Bank BNP Paribas wy\u015ble do Ciebie poczt\u0105.<\/p>\n<p><strong>FAQ (cz\u0119sto zadawane pytania):<\/strong><\/p>\n<p><strong>Czy z\u0142o\u017cenie zam\u00f3wienia w sklepie Almach oznacza, \u017ce m\u00f3j kredyt zosta\u0142 uruchomiony?<\/strong><\/p>\n<p>Nie. Z\u0142o\u017cenie zam\u00f3wienia powoduje udost\u0119pnienie Tobie linku, dzi\u0119ki kt\u00f3remu mo\u017cliwe jest przekierowanie na stron\u0119 BNP Paribas Bank Polska S.A., gdzie nale\u017cy wype\u0142ni\u0107 w\u0142a\u015bciwy wniosek kredytowy. Kredyt zostanie uruchomiony, je\u017celi weryfikacja ze strony BNP Paribas Bank Polska S.A. przebiegnie pomy\u015blnie i podpiszesz przes\u0142an\u0105 umow\u0119 kredytow\u0105.<\/p>\n<p><strong>Co si\u0119 stanie z zam\u00f3wieniem, je\u017celi m\u00f3j wniosek kredytowy zostanie odrzucony?<\/strong><\/p>\n<p>Obs\u0142uga sklepu skontaktuje si\u0119 z Tob\u0105 i zaproponuje zakup towaru przy pomocy innych form p\u0142atno\u015bci. Je\u017celi si\u0119 zdecydujesz, realizacja zam\u00f3wienia b\u0119dzie kontynuowana &#8211; w innym wypadku zam\u00f3wienie zostanie anulowane.<\/p>\n<p><strong>Czy w przypadku odst\u0105pienia od umowy zakupu (zwrotu zam\u00f3wienia) m\u00f3j kredyt jest uniewa\u017cniony?<\/strong><\/p>\n<p>Nie. W takim wypadku nale\u017cy si\u0119 skontaktowa\u0107 z konsultantem z firmy BNP Paribas Bank Polska S.A. i zg\u0142osi\u0107 ch\u0119\u0107 odst\u0105pienia od umowy kredytowej. Nale\u017cy to zrobi\u0107 w ci\u0105gu 14 dni od chwili uruchomienia kredytu.<\/p>\n<p><strong>Czy decyduj\u0105c si\u0119 na kredyt, musz\u0119 dokona\u0107 wp\u0142aty w\u0142asnej?<\/strong><\/p>\n<p>Nie. Istnieje mo\u017cliwo\u015b\u0107 skredytowania ca\u0142ej warto\u015bci zam\u00f3wienia. Wp\u0142ata w\u0142asna to dobrowolna decyzja klienta.<\/p>\n<p><strong>W jaki spos\u00f3b mam dokona\u0107 wp\u0142aty w\u0142asnej?<\/strong><\/p>\n<p>Wp\u0142at\u0119 w\u0142asn\u0105 mo\u017cna zadeklarowa\u0107 bezpo\u015brednio podczas wype\u0142niania wniosku kredytowego na stronie\u00a0BNP Paribas Bank Polska S.A. Nast\u0119pnie kwota zostanie pobrana z Twojego konta bankowego przez\u00a0BNP Paribas Bank Polska S.A. podczas weryfikacji Twoich danych i konta bankowego.<\/p>\n","protected":false},"excerpt":{"rendered":"<p>Aby skorzysta\u0107 z kredytu ratalnego wystarczy podczas zakup\u00f3w online wybra\u0107 opcj\u0119 p\u0142atno\u015bci: BNP Paribas Raty. Decyzja kredytowa (po zweryfikowaniu zdolno\u015bci kredytowej) zostanie przes\u0142ana na wskazany&#8230;<\/p>\n<div class=\"more-link-wrapper\"><a class=\"more-link\" href=\"https:\/\/almach.pl\/sklep\/?page_id=1093\/\">Read More<span class=\"screen-reader-text\">Zakupy na raty<\/span><\/a><\/div>\n","protected":false},"author":1,"featured_media":0,"parent":0,"menu_order":0,"comment_status":"closed","ping_status":"closed","template":"","meta":[],"_links":{"self":[{"href":"https:\/\/almach.pl\/sklep\/index.php?rest_route=\/wp\/v2\/pages\/1093"}],"collection":[{"href":"https:\/\/almach.pl\/sklep\/index.php?rest_route=\/wp\/v2\/pages"}],"about":[{"href":"https:\/\/almach.pl\/sklep\/index.php?rest_route=\/wp\/v2\/types\/page"}],"author":[{"embeddable":true,"href":"https:\/\/almach.pl\/sklep\/index.php?rest_route=\/wp\/v2\/users\/1"}],"replies":[{"embeddable":true,"href":"https:\/\/almach.pl\/sklep\/index.php?rest_route=%2Fwp%2Fv2%2Fcomments&post=1093"}],"version-history":[{"count":0,"href":"https:\/\/almach.pl\/sklep\/index.php?rest_route=\/wp\/v2\/pages\/1093\/revisions"}],"wp:attachment":[{"href":"https:\/\/almach.pl\/sklep\/index.php?rest_route=%2Fwp%2Fv2%2Fmedia&parent=1093"}],"curies":[{"name":"wp","href":"https:\/\/api.w.org\/{rel}","templated":true}]}}